{"id":69,"date":"2020-05-05T16:22:47","date_gmt":"2020-05-05T14:22:47","guid":{"rendered":"http:\/\/localhost\/wp\/?page_id=69"},"modified":"2020-10-27T09:55:51","modified_gmt":"2020-10-27T08:55:51","slug":"histoire","status":"publish","type":"page","link":"https:\/\/marymassage.fr\/index.php\/histoire\/","title":{"rendered":"histoire"},"content":{"rendered":"\n<h3 class=\"has-text-align-center wp-block-heading\">Histoire :<\/h3>\n\n\n\n<br><br>\n\n\n\n<h4 class=\"wp-block-heading\"><strong><span style=\"color:#b6c727\" class=\"has-inline-color\">Massages ayurv\u00e9diques<\/span>&nbsp;<\/strong><\/h4>\n\n\n\n<p><strong><em><span style=\"color:#b6c727\" class=\"has-inline-color\">M\u00e9thode abhyanga&nbsp;:<\/span><\/em><\/strong><\/p>\n\n\n\n<p>Issu du plus ancien syst\u00e8me m\u00e9dical de l\u2019histoire humaine, ce massage est originaire d\u2019Inde et pratiqu\u00e9 par ses habitants depuis des mill\u00e9naires sous forme d\u2019un rituel immuable dans le cadre d\u2019une hygi\u00e8ne de vie. Chacun, quels que soient son \u00e2ge et sa condition, le re\u00e7oit au moins une fois par semaine pour entretenir son bien-\u00eatre global.<\/p>\n\n\n\n<p>L\u2019ayurv\u00e9da qui signifie \u00ab&nbsp;science de la vie&nbsp;\u00bb est consid\u00e9r\u00e9e en Inde comme une m\u00e9decine sacr\u00e9e, raison pour laquelle ce massage n\u2019\u00e9chappe pas \u00e0 cette id\u00e9ologie.<\/p>\n\n\n\n<p>Le massage ayurv\u00e9dique abhyanga (massage \u00e9nerg\u00e9tique), est avant tout une pratique pr\u00e9ventive qui s\u2019appuie sur les principes de la science d\u2019auto-gu\u00e9rison. Elle est destin\u00e9e \u00e0 harmoniser, revitaliser et mieux diffuser l\u2019\u00e9nergie vitale (prana) dans tout le corps et r\u00e9\u00e9quilibrer les centres \u00e9nerg\u00e9tiques (chakras). Le masseur va en effet agir sur le nadis (trajet de l\u2019\u00e9nergie) sur lequel sont r\u00e9partis des points de pression pour permettre au prana de circuler librement&nbsp; et harmonieusement dans tout le corps.<\/p>\n\n\n\n<p>Ce massage a des vertus apaisantes et relaxantes, il r\u00e9\u00e9quilibre les humeurs du corps, d\u00e9cante les toxines, am\u00e9liore la circulation sanguine et lymphatique, et permet une grande \u00e9vacuation du stress. Enfin, il poss\u00e8de un large \u00e9ventail de bienfaits pour am\u00e9liorer, r\u00e9tablir et \u00e9quilibrer la sant\u00e9 et les liens du corps \u2013 esprit pour ainsi mieux s\u2019adapter aux \u00e9v\u00e8nements ext\u00e9rieurs.&nbsp;<\/p>\n\n\n\n<p><em><strong>Une seule s\u00e9ance peut \u00eatre suffisante pour ressentir un r\u00e9sultat, mais il est recommand\u00e9 plusieurs s\u00e9ances pour installer une r\u00e9elle am\u00e9lioration.<\/strong>&nbsp;<\/em><\/p>\n\n\n\n<div class=\"wp-block-group\"><div class=\"wp-block-group__inner-container is-layout-flow wp-block-group-is-layout-flow\">\n<div class=\"wp-block-columns is-layout-flex wp-container-core-columns-is-layout-9d6595d7 wp-block-columns-is-layout-flex\">\n<div class=\"wp-block-column is-layout-flow wp-block-column-is-layout-flow\"><\/div>\n<\/div>\n\n\n\n<figure class=\"wp-block-image size-large\"><img loading=\"lazy\" decoding=\"async\" width=\"900\" height=\"455\" src=\"http:\/\/marymassage.fr\/wp-content\/uploads\/2020\/05\/grande.png\" alt=\"\" class=\"wp-image-21\" srcset=\"https:\/\/marymassage.fr\/wp-content\/uploads\/2020\/05\/grande.png 900w, https:\/\/marymassage.fr\/wp-content\/uploads\/2020\/05\/grande-300x152.png 300w, https:\/\/marymassage.fr\/wp-content\/uploads\/2020\/05\/grande-768x388.png 768w, https:\/\/marymassage.fr\/wp-content\/uploads\/2020\/05\/grande-24x12.png 24w, https:\/\/marymassage.fr\/wp-content\/uploads\/2020\/05\/grande-36x18.png 36w, https:\/\/marymassage.fr\/wp-content\/uploads\/2020\/05\/grande-48x24.png 48w\" sizes=\"auto, (max-width: 900px) 100vw, 900px\" \/><\/figure>\n<\/div><\/div>\n\n\n\n<h4 class=\"wp-block-heading\"><strong><span style=\"color:#fbd62c\" class=\"has-inline-color\">R\u00e9flexologie plantaire<\/span><\/strong><\/h4>\n\n\n\n<p><em><strong><span style=\"color:#fbd62c\" class=\"has-inline-color\">M\u00e9thode tha\u00eflandaise&nbsp;:<\/span><\/strong><\/em><\/p>\n\n\n\n<p>Des textes anciens rapportent qu\u2019il y a plus de cinq mille ans, un traitement par des points de pression existait d\u00e9j\u00e0 en Chine, en Inde et chez les \u00e9gyptiens, et c\u2019est au deuxi\u00e8me si\u00e8cle avant JC que cet art fait son apparition en Tha\u00eflande et qu\u2019il prend une place importante dans la m\u00e9decine tha\u00eflandaise traditionnelle. Au d\u00e9but du 20<sup>e<\/sup> si\u00e8cle, la r\u00e9flexologie plantaire a \u00e9t\u00e9 introduite en occident par le docteur William Fitzgerald qui d\u00e9couvre que des pressions exerc\u00e9es sur les pieds avaient des r\u00e9percussions sur des zones pr\u00e9cises du corps. Et au d\u00e9but des ann\u00e9es 1930, son assistant Eunice Ingham d\u00e9voile l\u2019incroyable cartographie qui associe chaque zone du pied \u00e0 un organe du corps humain, et c\u2019est seulement en 1980 qu\u2019a \u00e9t\u00e9 popularis\u00e9e cette pratique en occident.&nbsp;<\/p>\n\n\n\n<p>La r\u00e9flexologie plantaire tha\u00eflandaise est un m\u00e9lange de massages enveloppants, de pressions et d\u2019effleurements, des orteils jusqu\u2019au-dessus du genou. A la diff\u00e9rence de la r\u00e9flexologie plantaire chinoise, on utilise un baume ou une huile et un b\u00e2tonnet de bois pour aider aux pressions.<\/p>\n\n\n\n<p>Cette discipline mill\u00e9naire consiste \u00e0 stimuler des points r\u00e9flexes au niveau du pied. D\u2019ailleurs pour les chinois, l\u2019\u00e9tymologie du mot \u00ab&nbsp;pied&nbsp;\u00bb signifie&nbsp;: \u00ab&nbsp;partie du corps qui sauvegarde la sant\u00e9&nbsp;\u00bb. Chaque zone du pied correspond donc \u00e0 un organe ou \u00e0 une fonction du corps humain, et en stimulant ces zones, il est possible d\u2019activer le processus d\u2019auto-gu\u00e9rison du corps, jusqu\u2019\u00e0 diminuer certains maux du quotidien&nbsp;: mal de dos, de t\u00eate, de ventre, stress et tensions.&nbsp;<\/p>\n\n\n\n<p>Il ne se concentre pas uniquement sur la zone douloureuse, il tient compte du corps humain dans sa globalit\u00e9.&nbsp;<\/p>\n\n\n\n<p><strong><em>Une seule s\u00e9ance peut \u00eatre suffisante pour ressentir un r\u00e9sultat, mais il est recommand\u00e9 plusieurs s\u00e9ances pour installer une r\u00e9elle am\u00e9lioration.<\/em><\/strong><\/p>\n","protected":false},"excerpt":{"rendered":"<p>Histoire : Massages ayurv\u00e9diques&nbsp; M\u00e9thode abhyanga&nbsp;: Issu du plus ancien syst\u00e8me m\u00e9dical de l\u2019histoire humaine, ce massage est originaire d\u2019Inde et pratiqu\u00e9 par ses habitants&hellip;<\/p>\n","protected":false},"author":1,"featured_media":0,"parent":0,"menu_order":0,"comment_status":"closed","ping_status":"closed","template":"","meta":{"footnotes":""},"class_list":["post-69","page","type-page","status-publish","hentry"],"_links":{"self":[{"href":"https:\/\/marymassage.fr\/index.php\/wp-json\/wp\/v2\/pages\/69","targetHints":{"allow":["GET"]}}],"collection":[{"href":"https:\/\/marymassage.fr\/index.php\/wp-json\/wp\/v2\/pages"}],"about":[{"href":"https:\/\/marymassage.fr\/index.php\/wp-json\/wp\/v2\/types\/page"}],"author":[{"embeddable":true,"href":"https:\/\/marymassage.fr\/index.php\/wp-json\/wp\/v2\/users\/1"}],"replies":[{"embeddable":true,"href":"https:\/\/marymassage.fr\/index.php\/wp-json\/wp\/v2\/comments?post=69"}],"version-history":[{"count":25,"href":"https:\/\/marymassage.fr\/index.php\/wp-json\/wp\/v2\/pages\/69\/revisions"}],"predecessor-version":[{"id":228,"href":"https:\/\/marymassage.fr\/index.php\/wp-json\/wp\/v2\/pages\/69\/revisions\/228"}],"wp:attachment":[{"href":"https:\/\/marymassage.fr\/index.php\/wp-json\/wp\/v2\/media?parent=69"}],"curies":[{"name":"wp","href":"https:\/\/api.w.org\/{rel}","templated":true}]}}